{"id":95,"date":"2020-07-02T15:13:36","date_gmt":"2020-07-02T13:13:36","guid":{"rendered":"https:\/\/www.latolapsa.com\/?page_id=95"},"modified":"2021-04-23T14:05:45","modified_gmt":"2021-04-23T12:05:45","slug":"ka-vislabak-meklet-e-pasta-arhivos","status":"publish","type":"page","link":"https:\/\/www.latolapsa.com\/?page_id=95","title":{"rendered":"K\u0101 vislab\u0101k mekl\u0113t e-pasta arh\u012bvos"},"content":{"rendered":"\n<p><a href=\"https:\/\/www.latolapsa.com\/mail\/\" target=\"_blank\" rel=\"noreferrer noopener\">Klik\u0161\u0137inam \u0161eit<\/a><\/p>\n\n\n\n<p>Vislab\u0101k mekl\u0113t izmantojot galda datoru un pogu &#8220;Search!&#8221;, ja grib\u0101s mekl\u0113t pavisam ko citu, no baltas lapas, tad &#8220;Reset&#8221;, lai not\u012br\u012btu atmi\u0146u.<\/p>\n\n\n\n<p>Ja ir daudz mekl\u0113jumu rezult\u0101tu, tad poga &#8220;Search!&#8221; mekl\u0113t\u0101j\u0101 str\u0101d\u0101s vislab\u0101k.<\/p>\n","protected":false},"excerpt":{"rendered":"<p>Klik\u0161\u0137inam \u0161eit Vislab\u0101k mekl\u0113t izmantojot galda datoru un pogu &#8220;Search!&#8221;, ja grib\u0101s mekl\u0113t pavisam ko citu, no baltas lapas, tad &#8220;Reset&#8221;, lai not\u012br\u012btu atmi\u0146u. Ja ir daudz mekl\u0113jumu rezult\u0101tu, tad poga &#8220;Search!&#8221; mekl\u0113t\u0101j\u0101 str\u0101d\u0101s vislab\u0101k.<\/p>\n","protected":false},"author":1,"featured_media":0,"parent":0,"menu_order":0,"comment_status":"closed","ping_status":"closed","template":"","meta":[],"_links":{"self":[{"href":"https:\/\/www.latolapsa.com\/index.php?rest_route=\/wp\/v2\/pages\/95"}],"collection":[{"href":"https:\/\/www.latolapsa.com\/index.php?rest_route=\/wp\/v2\/pages"}],"about":[{"href":"https:\/\/www.latolapsa.com\/index.php?rest_route=\/wp\/v2\/types\/page"}],"author":[{"embeddable":true,"href":"https:\/\/www.latolapsa.com\/index.php?rest_route=\/wp\/v2\/users\/1"}],"replies":[{"embeddable":true,"href":"https:\/\/www.latolapsa.com\/index.php?rest_route=%2Fwp%2Fv2%2Fcomments&post=95"}],"version-history":[{"count":7,"href":"https:\/\/www.latolapsa.com\/index.php?rest_route=\/wp\/v2\/pages\/95\/revisions"}],"predecessor-version":[{"id":338,"href":"https:\/\/www.latolapsa.com\/index.php?rest_route=\/wp\/v2\/pages\/95\/revisions\/338"}],"wp:attachment":[{"href":"https:\/\/www.latolapsa.com\/index.php?rest_route=%2Fwp%2Fv2%2Fmedia&parent=95"}],"curies":[{"name":"wp","href":"https:\/\/api.w.org\/{rel}","templated":true}]}}